{"id":325,"date":"2020-05-11T14:20:48","date_gmt":"2020-05-11T12:20:48","guid":{"rendered":"http:\/\/localhost\/dittlmann\/?page_id=325"},"modified":"2020-05-13T08:14:06","modified_gmt":"2020-05-13T06:14:06","slug":"meine-themen","status":"publish","type":"page","link":"https:\/\/www.dittlmann.de\/dittlmann\/politik\/meine-themen\/","title":{"rendered":"Meine Themen"},"content":{"rendered":"<div id=\"pl-325\"  class=\"panel-layout\" ><div id=\"pg-325-0\"  class=\"panel-grid panel-has-style\" ><div class=\"padded panel-row-style panel-row-style-for-325-0\" ><div id=\"pgc-325-0-0\"  class=\"panel-grid-cell\" ><div id=\"panel-325-0-0-0\" class=\"so-panel widget widget_sow-editor panel-first-child panel-last-child\" data-index=\"0\" ><div\n\t\t\t\n\t\t\tclass=\"so-widget-sow-editor so-widget-sow-editor-base\"\n\t\t\t\n\t\t>\n<div class=\"siteorigin-widget-tinymce textwidget\">\n\t<h1>Meine Themen<\/h1>\n<ul class=\"check-list\">\n<li value=\"0\">Hochwasserschutzkonzept f\u00fcr das gesamte Stadtgebiet hinsichtlich baulicher Ma\u00dfnahmen und Ausstattung der Hilfsorganisationen<\/li>\n<li value=\"0\">Abbau der st\u00e4dtischen Schulden durch Abbau der hohen R\u00fccklagen der Stadt Passau<\/li>\n<li value=\"0\">Verlegung des Wochenmarktes auf den Klostergarten<\/li>\n<li value=\"0\">Modernisierung des Passauer Hauptbahnhofes, aber keine teuren Aufz\u00fcge zur Anbindung an den ZOB<\/li>\n<li value=\"0\">Internetauftritt der Stadt Passau: Facebookseite als zus\u00e4tzliche Information<\/li>\n<li value=\"0\">Einsparung der Baukosten f\u00fcr neue Mehrfachturnhalle durch Finanzierung oder Realisierung durch Partner aus der Privatwirtschaft<\/li>\n<li value=\"0\">Einheitliche Sperrzeitenregelung in der Innenstadt<\/li>\n<li value=\"0\">Aufzeichnungen von Stadtratssitzungen im Internet (Mediathek)<\/li>\n<li value=\"0\">Dynamisierung der \"Gr\u00fcnen Welle\"<\/li>\n<li value=\"0\">Oberhaus-Areal (Gestaltungswettbewerb, Verbesserung der Infrastruktur und Aufstiegshilfe [Seilbahn!])<\/li>\n<li value=\"0\">Solarplan f\u00fcr Passau<\/li>\n<li value=\"0\">Mehr Polizisten f\u00fcr Passau<\/li>\n<li value=\"0\">Marketingexperte f\u00fcr Passau<\/li>\n<li value=\"0\">Live\u00fcbertragung von Stadtratssitzungen im Internet<\/li>\n<li value=\"0\">Ende mit den Tr\u00e4umereien eines Wassertaxis<\/li>\n<li value=\"0\">Radfahrtunnel durch Oberhaus zwar w\u00fcnschenswert aber nicht finanzierbar<\/li>\n<li value=\"0\">Keine reduzierung der Fahrspuren in der Neuburger Stra\u00dfe<\/li>\n<li value=\"0\">Zweite Donaubr\u00fccke?<\/li>\n<li value=\"0\">Radfahrstreifen?<\/li>\n<li value=\"0\">Park+Ride f\u00fcr Inn- und Neuburger Stra\u00dfe<\/li>\n<li value=\"0\">Beenden des Schilderirrsinns in der Grunaustra\u00dfe<\/li>\n<li value=\"0\">Weltkulurerbe - Mehr Informationen f\u00fcr die B\u00fcrger<\/li>\n<li value=\"0\">Verbesserung des DSL-Netzes im gesamten Stadtgebiet<\/li>\n<li value=\"0\">Rabatt f\u00fcr Einheimische im Passauer Erlebnis Bad<\/li>\n<li value=\"0\">Ausbau der Franz-Josef-Strau\u00dfbr\u00fccke bzw. deren Br\u00fcckenk\u00f6pfe<\/li>\n<li value=\"0\">Qualifikation von Aufsichtsr\u00e4ten st\u00e4dtischer GmbHs<\/li>\n<\/ul>\n<\/div>\n<\/div><\/div><\/div><\/div><\/div><\/div>","protected":false},"excerpt":{"rendered":"<p>Meine Themen Hochwasserschutzkonzept f\u00fcr das gesamte Stadtgebiet hinsichtlich baulicher Ma\u00dfnahmen und Ausstattung der Hilfsorganisationen Abbau der st\u00e4dtischen Schulden durch Abbau der hohen R\u00fccklagen der Stadt Passau Verlegung des Wochenmarktes auf den Klostergarten Modernisierung des Passauer Hauptbahnhofes, aber keine teuren Aufz\u00fcge zur Anbindung an den ZOB Internetauftritt der Stadt Passau: Facebookseite als zus\u00e4tzliche Information Einsparung der [&hellip;]<\/p>\n","protected":false},"author":1,"featured_media":0,"parent":23,"menu_order":0,"comment_status":"closed","ping_status":"closed","template":"","meta":{"footnotes":""},"class_list":["post-325","page","type-page","status-publish","hentry"],"yoast_head":"<!-- This site is optimized with the Yoast SEO plugin v26.7 - https:\/\/yoast.com\/wordpress\/plugins\/seo\/ -->\n<title>Meine Themen - Andreas Dittlmann<\/title>\n<meta name=\"robots\" content=\"index, follow, max-snippet:-1, max-image-preview:large, max-video-preview:-1\" \/>\n<link rel=\"canonical\" href=\"https:\/\/www.dittlmann.de\/dittlmann\/politik\/meine-themen\/\" \/>\n<meta property=\"og:locale\" content=\"de_DE\" \/>\n<meta property=\"og:type\" content=\"article\" \/>\n<meta property=\"og:title\" content=\"Meine Themen - Andreas Dittlmann\" \/>\n<meta property=\"og:description\" content=\"Meine Themen Hochwasserschutzkonzept f\u00fcr das gesamte Stadtgebiet hinsichtlich baulicher Ma\u00dfnahmen und Ausstattung der Hilfsorganisationen Abbau der st\u00e4dtischen Schulden durch Abbau der hohen R\u00fccklagen der Stadt Passau Verlegung des Wochenmarktes auf den Klostergarten Modernisierung des Passauer Hauptbahnhofes, aber keine teuren Aufz\u00fcge zur Anbindung an den ZOB Internetauftritt der Stadt Passau: Facebookseite als zus\u00e4tzliche Information Einsparung der [&hellip;]\" \/>\n<meta property=\"og:url\" content=\"https:\/\/www.dittlmann.de\/dittlmann\/politik\/meine-themen\/\" \/>\n<meta property=\"og:site_name\" content=\"Andreas Dittlmann\" \/>\n<meta property=\"article:modified_time\" content=\"2020-05-13T06:14:06+00:00\" \/>\n<meta name=\"twitter:card\" content=\"summary_large_image\" \/>\n<meta name=\"twitter:label1\" content=\"Gesch\u00e4tzte Lesezeit\" \/>\n\t<meta name=\"twitter:data1\" content=\"1\u00a0Minute\" \/>\n<script type=\"application\/ld+json\" class=\"yoast-schema-graph\">{\"@context\":\"https:\/\/schema.org\",\"@graph\":[{\"@type\":\"WebPage\",\"@id\":\"https:\/\/www.dittlmann.de\/dittlmann\/politik\/meine-themen\/\",\"url\":\"https:\/\/www.dittlmann.de\/dittlmann\/politik\/meine-themen\/\",\"name\":\"Meine Themen - Andreas Dittlmann\",\"isPartOf\":{\"@id\":\"https:\/\/www.dittlmann.de\/dittlmann\/#website\"},\"datePublished\":\"2020-05-11T12:20:48+00:00\",\"dateModified\":\"2020-05-13T06:14:06+00:00\",\"breadcrumb\":{\"@id\":\"https:\/\/www.dittlmann.de\/dittlmann\/politik\/meine-themen\/#breadcrumb\"},\"inLanguage\":\"de\",\"potentialAction\":[{\"@type\":\"ReadAction\",\"target\":[\"https:\/\/www.dittlmann.de\/dittlmann\/politik\/meine-themen\/\"]}]},{\"@type\":\"BreadcrumbList\",\"@id\":\"https:\/\/www.dittlmann.de\/dittlmann\/politik\/meine-themen\/#breadcrumb\",\"itemListElement\":[{\"@type\":\"ListItem\",\"position\":1,\"name\":\"Startseite\",\"item\":\"https:\/\/www.dittlmann.de\/dittlmann\/\"},{\"@type\":\"ListItem\",\"position\":2,\"name\":\"Politik\",\"item\":\"https:\/\/www.dittlmann.de\/dittlmann\/politik\/\"},{\"@type\":\"ListItem\",\"position\":3,\"name\":\"Meine Themen\"}]},{\"@type\":\"WebSite\",\"@id\":\"https:\/\/www.dittlmann.de\/dittlmann\/#website\",\"url\":\"https:\/\/www.dittlmann.de\/dittlmann\/\",\"name\":\"Andreas Dittlmann\",\"description\":\"\",\"publisher\":{\"@id\":\"https:\/\/www.dittlmann.de\/dittlmann\/#organization\"},\"potentialAction\":[{\"@type\":\"SearchAction\",\"target\":{\"@type\":\"EntryPoint\",\"urlTemplate\":\"https:\/\/www.dittlmann.de\/dittlmann\/?s={search_term_string}\"},\"query-input\":{\"@type\":\"PropertyValueSpecification\",\"valueRequired\":true,\"valueName\":\"search_term_string\"}}],\"inLanguage\":\"de\"},{\"@type\":\"Organization\",\"@id\":\"https:\/\/www.dittlmann.de\/dittlmann\/#organization\",\"name\":\"Andreas Dittlmann\",\"url\":\"https:\/\/www.dittlmann.de\/dittlmann\/\",\"logo\":{\"@type\":\"ImageObject\",\"inLanguage\":\"de\",\"@id\":\"https:\/\/www.dittlmann.de\/dittlmann\/#\/schema\/logo\/image\/\",\"url\":\"https:\/\/www.dittlmann.de\/dittlmann\/wp-content\/uploads\/sites\/4\/2020\/05\/dittlmann_logo-1.jpg\",\"contentUrl\":\"https:\/\/www.dittlmann.de\/dittlmann\/wp-content\/uploads\/sites\/4\/2020\/05\/dittlmann_logo-1.jpg\",\"width\":260,\"height\":56,\"caption\":\"Andreas Dittlmann\"},\"image\":{\"@id\":\"https:\/\/www.dittlmann.de\/dittlmann\/#\/schema\/logo\/image\/\"}}]}<\/script>\n<!-- \/ Yoast SEO plugin. -->","yoast_head_json":{"title":"Meine Themen - Andreas Dittlmann","robots":{"index":"index","follow":"follow","max-snippet":"max-snippet:-1","max-image-preview":"max-image-preview:large","max-video-preview":"max-video-preview:-1"},"canonical":"https:\/\/www.dittlmann.de\/dittlmann\/politik\/meine-themen\/","og_locale":"de_DE","og_type":"article","og_title":"Meine Themen - Andreas Dittlmann","og_description":"Meine Themen Hochwasserschutzkonzept f\u00fcr das gesamte Stadtgebiet hinsichtlich baulicher Ma\u00dfnahmen und Ausstattung der Hilfsorganisationen Abbau der st\u00e4dtischen Schulden durch Abbau der hohen R\u00fccklagen der Stadt Passau Verlegung des Wochenmarktes auf den Klostergarten Modernisierung des Passauer Hauptbahnhofes, aber keine teuren Aufz\u00fcge zur Anbindung an den ZOB Internetauftritt der Stadt Passau: Facebookseite als zus\u00e4tzliche Information Einsparung der [&hellip;]","og_url":"https:\/\/www.dittlmann.de\/dittlmann\/politik\/meine-themen\/","og_site_name":"Andreas Dittlmann","article_modified_time":"2020-05-13T06:14:06+00:00","twitter_card":"summary_large_image","twitter_misc":{"Gesch\u00e4tzte Lesezeit":"1\u00a0Minute"},"schema":{"@context":"https:\/\/schema.org","@graph":[{"@type":"WebPage","@id":"https:\/\/www.dittlmann.de\/dittlmann\/politik\/meine-themen\/","url":"https:\/\/www.dittlmann.de\/dittlmann\/politik\/meine-themen\/","name":"Meine Themen - Andreas Dittlmann","isPartOf":{"@id":"https:\/\/www.dittlmann.de\/dittlmann\/#website"},"datePublished":"2020-05-11T12:20:48+00:00","dateModified":"2020-05-13T06:14:06+00:00","breadcrumb":{"@id":"https:\/\/www.dittlmann.de\/dittlmann\/politik\/meine-themen\/#breadcrumb"},"inLanguage":"de","potentialAction":[{"@type":"ReadAction","target":["https:\/\/www.dittlmann.de\/dittlmann\/politik\/meine-themen\/"]}]},{"@type":"BreadcrumbList","@id":"https:\/\/www.dittlmann.de\/dittlmann\/politik\/meine-themen\/#breadcrumb","itemListElement":[{"@type":"ListItem","position":1,"name":"Startseite","item":"https:\/\/www.dittlmann.de\/dittlmann\/"},{"@type":"ListItem","position":2,"name":"Politik","item":"https:\/\/www.dittlmann.de\/dittlmann\/politik\/"},{"@type":"ListItem","position":3,"name":"Meine Themen"}]},{"@type":"WebSite","@id":"https:\/\/www.dittlmann.de\/dittlmann\/#website","url":"https:\/\/www.dittlmann.de\/dittlmann\/","name":"Andreas Dittlmann","description":"","publisher":{"@id":"https:\/\/www.dittlmann.de\/dittlmann\/#organization"},"potentialAction":[{"@type":"SearchAction","target":{"@type":"EntryPoint","urlTemplate":"https:\/\/www.dittlmann.de\/dittlmann\/?s={search_term_string}"},"query-input":{"@type":"PropertyValueSpecification","valueRequired":true,"valueName":"search_term_string"}}],"inLanguage":"de"},{"@type":"Organization","@id":"https:\/\/www.dittlmann.de\/dittlmann\/#organization","name":"Andreas Dittlmann","url":"https:\/\/www.dittlmann.de\/dittlmann\/","logo":{"@type":"ImageObject","inLanguage":"de","@id":"https:\/\/www.dittlmann.de\/dittlmann\/#\/schema\/logo\/image\/","url":"https:\/\/www.dittlmann.de\/dittlmann\/wp-content\/uploads\/sites\/4\/2020\/05\/dittlmann_logo-1.jpg","contentUrl":"https:\/\/www.dittlmann.de\/dittlmann\/wp-content\/uploads\/sites\/4\/2020\/05\/dittlmann_logo-1.jpg","width":260,"height":56,"caption":"Andreas Dittlmann"},"image":{"@id":"https:\/\/www.dittlmann.de\/dittlmann\/#\/schema\/logo\/image\/"}}]}},"_links":{"self":[{"href":"https:\/\/www.dittlmann.de\/dittlmann\/wp-json\/wp\/v2\/pages\/325","targetHints":{"allow":["GET"]}}],"collection":[{"href":"https:\/\/www.dittlmann.de\/dittlmann\/wp-json\/wp\/v2\/pages"}],"about":[{"href":"https:\/\/www.dittlmann.de\/dittlmann\/wp-json\/wp\/v2\/types\/page"}],"author":[{"embeddable":true,"href":"https:\/\/www.dittlmann.de\/dittlmann\/wp-json\/wp\/v2\/users\/1"}],"replies":[{"embeddable":true,"href":"https:\/\/www.dittlmann.de\/dittlmann\/wp-json\/wp\/v2\/comments?post=325"}],"version-history":[{"count":8,"href":"https:\/\/www.dittlmann.de\/dittlmann\/wp-json\/wp\/v2\/pages\/325\/revisions"}],"predecessor-version":[{"id":422,"href":"https:\/\/www.dittlmann.de\/dittlmann\/wp-json\/wp\/v2\/pages\/325\/revisions\/422"}],"up":[{"embeddable":true,"href":"https:\/\/www.dittlmann.de\/dittlmann\/wp-json\/wp\/v2\/pages\/23"}],"wp:attachment":[{"href":"https:\/\/www.dittlmann.de\/dittlmann\/wp-json\/wp\/v2\/media?parent=325"}],"curies":[{"name":"wp","href":"https:\/\/api.w.org\/{rel}","templated":true}]}}

<div id="pl-325"  class="panel-layout" ><div id="pg-325-0"  class="panel-grid panel-has-style" ><div class="padded panel-row-style panel-row-style-for-325-0" ><div id="pgc-325-0-0"  class="panel-grid-cell" ><div id="panel-325-0-0-0" class="so-panel widget widget_sow-editor panel-first-child panel-last-child" data-index="0" ><div
			
			class="so-widget-sow-editor so-widget-sow-editor-base"
			
		>
<div class="siteorigin-widget-tinymce textwidget">
	<h1>Meine Themen</h1>
<ul class="check-list">
<li value="0">Hochwasserschutzkonzept für das gesamte Stadtgebiet hinsichtlich baulicher Maßnahmen und Ausstattung der Hilfsorganisationen</li>
<li value="0">Abbau der städtischen Schulden durch Abbau der hohen Rücklagen der Stadt Passau</li>
<li value="0">Verlegung des Wochenmarktes auf den Klostergarten</li>
<li value="0">Modernisierung des Passauer Hauptbahnhofes, aber keine teuren Aufzüge zur Anbindung an den ZOB</li>
<li value="0">Internetauftritt der Stadt Passau: Facebookseite als zusätzliche Information</li>
<li value="0">Einsparung der Baukosten für neue Mehrfachturnhalle durch Finanzierung oder Realisierung durch Partner aus der Privatwirtschaft</li>
<li value="0">Einheitliche Sperrzeitenregelung in der Innenstadt</li>
<li value="0">Aufzeichnungen von Stadtratssitzungen im Internet (Mediathek)</li>
<li value="0">Dynamisierung der "Grünen Welle"</li>
<li value="0">Oberhaus-Areal (Gestaltungswettbewerb, Verbesserung der Infrastruktur und Aufstiegshilfe [Seilbahn!])</li>
<li value="0">Solarplan für Passau</li>
<li value="0">Mehr Polizisten für Passau</li>
<li value="0">Marketingexperte für Passau</li>
<li value="0">Liveübertragung von Stadtratssitzungen im Internet</li>
<li value="0">Ende mit den Träumereien eines Wassertaxis</li>
<li value="0">Radfahrtunnel durch Oberhaus zwar wünschenswert aber nicht finanzierbar</li>
<li value="0">Keine reduzierung der Fahrspuren in der Neuburger Straße</li>
<li value="0">Zweite Donaubrücke?</li>
<li value="0">Radfahrstreifen?</li>
<li value="0">Park+Ride für Inn- und Neuburger Straße</li>
<li value="0">Beenden des Schilderirrsinns in der Grunaustraße</li>
<li value="0">Weltkulurerbe - Mehr Informationen für die Bürger</li>
<li value="0">Verbesserung des DSL-Netzes im gesamten Stadtgebiet</li>
<li value="0">Rabatt für Einheimische im Passauer Erlebnis Bad</li>
<li value="0">Ausbau der Franz-Josef-Straußbrücke bzw. deren Brückenköpfe</li>
<li value="0">Qualifikation von Aufsichtsräten städtischer GmbHs</li>
</ul>
</div>
</div></div></div></div></div></div>

<p>Meine Themen Hochwasserschutzkonzept für das gesamte Stadtgebiet hinsichtlich baulicher Maßnahmen und Ausstattung der Hilfsorganisationen Abbau der städtischen Schulden durch Abbau der hohen Rücklagen der Stadt Passau Verlegung des Wochenmarktes auf den Klostergarten Modernisierung des Passauer Hauptbahnhofes, aber keine teuren Aufzüge zur Anbindung an den ZOB Internetauftritt der Stadt Passau: Facebookseite als zusätzliche Information Einsparung der [&hellip;]</p>

<!-- This site is optimized with the Yoast SEO plugin v26.7 - https://yoast.com/wordpress/plugins/seo/ -->
<title>Meine Themen - Andreas Dittlmann</title>
<meta name="robots" content="index, follow, max-snippet:-1, max-image-preview:large, max-video-preview:-1" />
<link rel="canonical" href="https://www.dittlmann.de/dittlmann/politik/meine-themen/" />
<meta property="og:locale" content="de_DE" />
<meta property="og:type" content="article" />
<meta property="og:title" content="Meine Themen - Andreas Dittlmann" />
<meta property="og:description" content="Meine Themen Hochwasserschutzkonzept für das gesamte Stadtgebiet hinsichtlich baulicher Maßnahmen und Ausstattung der Hilfsorganisationen Abbau der städtischen Schulden durch Abbau der hohen Rücklagen der Stadt Passau Verlegung des Wochenmarktes auf den Klostergarten Modernisierung des Passauer Hauptbahnhofes, aber keine teuren Aufzüge zur Anbindung an den ZOB Internetauftritt der Stadt Passau: Facebookseite als zusätzliche Information Einsparung der [&hellip;]" />
<meta property="og:url" content="https://www.dittlmann.de/dittlmann/politik/meine-themen/" />
<meta property="og:site_name" content="Andreas Dittlmann" />
<meta property="article:modified_time" content="2020-05-13T06:14:06+00:00" />
<meta name="twitter:card" content="summary_large_image" />
<meta name="twitter:label1" content="Geschätzte Lesezeit" />
	<meta name="twitter:data1" content="1 Minute" />
<script type="application/ld+json" class="yoast-schema-graph">{"@context":"https://schema.org","@graph":[{"@type":"WebPage","@id":"https://www.dittlmann.de/dittlmann/politik/meine-themen/","url":"https://www.dittlmann.de/dittlmann/politik/meine-themen/","name":"Meine Themen - Andreas Dittlmann","isPartOf":{"@id":"https://www.dittlmann.de/dittlmann/#website"},"datePublished":"2020-05-11T12:20:48+00:00","dateModified":"2020-05-13T06:14:06+00:00","breadcrumb":{"@id":"https://www.dittlmann.de/dittlmann/politik/meine-themen/#breadcrumb"},"inLanguage":"de","potentialAction":[{"@type":"ReadAction","target":["https://www.dittlmann.de/dittlmann/politik/meine-themen/"]}]},{"@type":"BreadcrumbList","@id":"https://www.dittlmann.de/dittlmann/politik/meine-themen/#breadcrumb","itemListElement":[{"@type":"ListItem","position":1,"name":"Startseite","item":"https://www.dittlmann.de/dittlmann/"},{"@type":"ListItem","position":2,"name":"Politik","item":"https://www.dittlmann.de/dittlmann/politik/"},{"@type":"ListItem","position":3,"name":"Meine Themen"}]},{"@type":"WebSite","@id":"https://www.dittlmann.de/dittlmann/#website","url":"https://www.dittlmann.de/dittlmann/","name":"Andreas Dittlmann","description":"","publisher":{"@id":"https://www.dittlmann.de/dittlmann/#organization"},"potentialAction":[{"@type":"SearchAction","target":{"@type":"EntryPoint","urlTemplate":"https://www.dittlmann.de/dittlmann/?s={search_term_string}"},"query-input":{"@type":"PropertyValueSpecification","valueRequired":true,"valueName":"search_term_string"}}],"inLanguage":"de"},{"@type":"Organization","@id":"https://www.dittlmann.de/dittlmann/#organization","name":"Andreas Dittlmann","url":"https://www.dittlmann.de/dittlmann/","logo":{"@type":"ImageObject","inLanguage":"de","@id":"https://www.dittlmann.de/dittlmann/#/schema/logo/image/","url":"https://www.dittlmann.de/dittlmann/wp-content/uploads/sites/4/2020/05/dittlmann_logo-1.jpg","contentUrl":"https://www.dittlmann.de/dittlmann/wp-content/uploads/sites/4/2020/05/dittlmann_logo-1.jpg","width":260,"height":56,"caption":"Andreas Dittlmann"},"image":{"@id":"https://www.dittlmann.de/dittlmann/#/schema/logo/image/"}}]}</script>
<!-- / Yoast SEO plugin. -->

Meine Themen Hochwasserschutzkonzept für das gesamte Stadtgebiet hinsichtlich baulicher Maßnahmen und Ausstattung der Hilfsorganisationen Abbau der städtischen Schulden durch Abbau der hohen Rücklagen der Stadt Passau Verlegung des Wochenmarktes auf den Klostergarten Modernisierung des Passauer Hauptbahnhofes, aber keine teuren Aufzüge zur Anbindung an den ZOB Internetauftritt der Stadt Passau: Facebookseite als zusätzliche Information Einsparung der [&hellip;]
