{"id":8001,"date":"2025-03-14T11:08:50","date_gmt":"2025-03-14T10:08:50","guid":{"rendered":"https:\/\/www.dittlmann.de\/fachbuero\/?page_id=8001"},"modified":"2026-04-27T14:11:27","modified_gmt":"2026-04-27T12:11:27","slug":"downloads","status":"publish","type":"page","link":"https:\/\/www.dittlmann.de\/fachbuero\/downloads\/","title":{"rendered":"Downloads"},"content":{"rendered":"<div id=\"pl-8001\"  class=\"panel-layout\" ><div id=\"pg-8001-0\"  class=\"panel-grid panel-has-style\" ><div class=\"padded panel-row-style panel-row-style-for-8001-0\" ><div id=\"pgc-8001-0-0\"  class=\"panel-grid-cell panel-grid-cell-mobile-last\" ><div id=\"panel-8001-0-0-0\" class=\"so-panel widget widget_sow-editor panel-first-child panel-last-child\" data-index=\"0\" ><div\n\t\t\t\n\t\t\tclass=\"so-widget-sow-editor so-widget-sow-editor-base\"\n\t\t\t\n\t\t>\n<div class=\"siteorigin-widget-tinymce textwidget\">\n\t<h2>Downloads zu aktuellen Ausschreibungen<\/h2>\n<p>Hier finden Sie Unterlagen zu folgenden Ausschreibungen:<\/p>\n<p><small><em>Hinweis: Es \u00f6ffnet sich ein neues Fenster mit der Plattform Aumass. Ausschreibungsunterlagen finden Sie auf dieser Plattform<\/em><\/small><\/p>\n<\/div>\n<\/div><\/div><\/div><div id=\"pgc-8001-0-1\"  class=\"panel-grid-cell panel-grid-cell-empty\" ><\/div><\/div><\/div><div id=\"pg-8001-1\"  class=\"panel-grid panel-has-style\" ><div class=\"padded inverted streched panel-row-style panel-row-style-for-8001-1\" ><div id=\"pgc-8001-1-0\"  class=\"panel-grid-cell panel-grid-cell-mobile-last\" ><div id=\"panel-8001-1-0-0\" class=\"widget_text so-panel widget widget_custom_html panel-first-child panel-last-child\" data-index=\"1\" ><div class=\"textwidget custom-html-widget\"><ul class=\"downloads\">\n    <li>\n        <a class=\"downloads__link\"  target=\"_blank\"  href=\"https:\/\/plattform.aumass.de:443\/Veroeffentlichung\/av276f6a-eu\">\n            <div class=\"downloads__title\"> Lieferung eines Tankl\u00f6schfahrzeuges TLF 3000St mit Beladung f\u00fcr die Stadt Oberviechtach, Lkr. Schwandorf<\/div>\n        <\/a>\n    <\/li>    \n        <li>\n        <a class=\"downloads__link\"  target=\"_blank\"  href=\"https:\/\/plattform.aumass.de\/Veroeffentlichung\/av276f9d-eu\">\n            <div class=\"downloads__title\"> Lieferung eines Tankl\u00f6schfahrzeuges TLF 3000 f\u00fcr den Markt Simbach, Lkr. Dingolfing-Landau<\/div>\n        <\/a>\n    <\/li>    \n        <li>\n        <a class=\"downloads__link\"  target=\"_blank\"  href=\"https:\/\/plattform.aumass.de:443\/Veroeffentlichung\/av277030-eu\">\n            <div class=\"downloads__title\"> Lieferung einer Drehleiter DLA (K) 23\/12 mit Beladung f\u00fcr die Stadt Eichst\u00e4tt, Lkr. Eichst\u00e4tt<\/div>\n        <\/a>\n    <\/li>    \n        <li>\n        <a class=\"downloads__link\"  target=\"_blank\"  href=\"https:\/\/plattform.aumass.de:443\/Veroeffentlichung\/av27704b\">\n            <div class=\"downloads__title\"> Lieferung eines Mannschaftstransportwagens MTW f\u00fcr die Gemeinde Heretsried, Lkr. Augsburg<\/div>\n        <\/a>\n    <\/li>    \n        <li>\n        <a class=\"downloads__link\"  target=\"_blank\"  href=\"https:\/\/plattform.aumass.de:443\/Veroeffentlichung\/av277051\">\n            <div class=\"downloads__title\"> Lieferung eines Ger\u00e4tewagen Logistik GW-L1 f\u00fcr die Gemeinde Heretsried, Lkr. Augsburg<\/div>\n        <\/a>\n    <\/li>    \n        <li>\n        <a class=\"downloads__link\"  target=\"_blank\"  href=\"https:\/\/plattform.aumass.de:443\/Veroeffentlichung\/av27713f-eu\">\n            <div class=\"downloads__title\"> Lieferung eines L\u00f6schgruppenfahrzeuges LF 20 KatS mit Beladung f\u00fcr die Gemeinde Au\u00dfernzell, VG Sch\u00f6llnach, Lkr. Deggendorf<\/div>\n        <\/a>\n    <\/li>    \n        <li>\n        <a class=\"downloads__link\"  target=\"_blank\"  href=\"https:\/\/plattform.aumass.de\/Veroeffentlichung\/av277166-eu\">\n            <div class=\"downloads__title\"> Lieferung zwei mobilen Stromerzeugern mit Lichtmast und einen mobilen Stromerzeuger f\u00fcr die Gro\u00dfe Kreisstadt N\u00f6rdlingen, Lkr. Donau-Ries<\/div>\n        <\/a>\n    <\/li>    \n        <li>\n        <a class=\"downloads__link\"  target=\"_blank\"  href=\"https:\/\/plattform.aumass.de:443\/Veroeffentlichung\/av279214-eu\">\n            <div class=\"downloads__title\"> Lieferung eines Tankl\u00f6schfahrzeuges TLF 3000St mit Beladung f\u00fcr die Gemeinde Leinburg, Lkr. N\u00fcrnberger Land<\/div>\n        <\/a>\n    <\/li>    \n        <li>\n        <a class=\"downloads__link\"  target=\"_blank\"  href=\"ttps:\/\/plattform.aumass.de:443\/Veroeffentlichung\/av27940b-eu\">\n            <div class=\"downloads__title\"> Lieferung eines Hilfeleistungs-L\u00f6schgruppenfahrzeug HLF 10 mit Beladung f\u00fcr die Gemeinde Hausen, VG Langquaid, Lkr. Kelheim<\/div>\n        <\/a>\n    <\/li>    \n        <li>\n        <a class=\"downloads__link\"  target=\"_blank\"  href=\" https:\/\/plattform.aumass.de:443\/Veroeffentlichung\/av279ac9-eu\">\n            <div class=\"downloads__title\"> Lieferung eines Hilfeleistungs-L\u00f6schgruppenfahrzeuges HLF 20 f\u00fcr die Stadt R\u00f6thenbach a.d.Pegnitz, Lkr. N\u00fcrnberger Land<\/div>\n        <\/a>\n    <\/li>    \n        <li>\n        <a class=\"downloads__link\"  target=\"_blank\"  href=\" https:\/\/plattform.aumass.de:443\/Veroeffentlichung\/av27a33e-eu\">\n            <div class=\"downloads__title\"> Lieferung eines Tragkraftspritzenfahrzeuges mit Wasser, TSF-W mit Beladung und PFPN f\u00fcr die Gemeinde Stra\u00dfkirchen, Lkr. Straubing-Bogen<\/div>\n        <\/a>\n    <\/li>    \n        <li>\n        <a class=\"downloads__link\"  target=\"_blank\"  href=\"https:\/\/plattform.aumass.de:443\/Veroeffentlichung\/av27a340-eu\">\n            <div class=\"downloads__title\"> Lieferung eines Versorgungslastkraftwagens VS-L mit Beladung f\u00fcr die Stadt Pocking, Lkr. Passau<\/div>\n        <\/a>\n    <\/li>    \n        <li>\n        <a class=\"downloads__link\"  target=\"_blank\"  href=\" https:\/\/plattform.aumass.de:443\/Veroeffentlichung\/av27a343-eu\">\n            <div class=\"downloads__title\"> Lieferung eines L\u00f6schgruppenfahrzeuges LF 20 KatS f\u00fcr den Markt Bruckm\u00fchl, Lkr. Rosenheim<\/div>\n        <\/a>\n    <\/li>    \n        <li>\n        <a class=\"downloads__link\"  target=\"_blank\"  href=\"https:\/\/plattform.aumass.de:443\/Veroeffentlichung\/av27a344-eu\">\n            <div class=\"downloads__title\"> Lieferung eines Hilfeleistungs-L\u00f6schgruppenfahrzeug HLF 20 mit Beladung f\u00fcr den Markt Jettingen-Scheppach, Lkr. G\u00fcnzburg<\/div>\n        <\/a>\n    <\/li>    \n        <li>\n        <a class=\"downloads__link\"  target=\"_blank\"  href=\" https:\/\/plattform.aumass.de:443\/Veroeffentlichung\/av27a346-eu\">\n            <div class=\"downloads__title\"> Lieferung eines HLF 10 mit Beladung f\u00fcr die Gemeinde Tiefenbach, Lkr. Passau<\/div>\n        <\/a>\n    <\/li>    \n        <li>\n        <a class=\"downloads__link\"  target=\"_blank\"  href=\"https:\/\/plattform.aumass.de\/Veroeffentlichung\/av27a397-eu\">\n            <div class=\"downloads__title\"> Lieferung eines Tragkraftspritzenfahrzeuges TSF-W mit Beladung f\u00fcr die Gemeinde Wittibreut, Lkr. Rottal-Inn<\/div>\n        <\/a>\n    <\/li>    \n        <li>\n        <a class=\"downloads__link\"  target=\"_blank\"  href=\"https:\/\/plattform.aumass.de\/Veroeffentlichung\/av27a3d6-eu\">\n            <div class=\"downloads__title\"> Lieferung eines Ger\u00e4tewagen GW-L2 mit Beladung, Rollcontainer und PFPN f\u00fcr die Gemeinde Neubiberg, Lkr. M\u00fcnchen<\/div>\n        <\/a>\n    <\/li>    \n        <li>\n        <a class=\"downloads__link\"  target=\"_blank\"  href=\"https:\/\/plattform.aumass.de:443\/Veroeffentlichung\/av27ad3d-eu\">\n            <div class=\"downloads__title\"> Lieferung eines mittleren L\u00f6schfahreuges MLF mit Beladung f\u00fcr die Gemeinde Kirchdorf i.Wald, Lkr. Regen<\/div>\n        <\/a>\n    <\/li>    \n    <\/ul>\n\n<\/div><\/div><\/div><div id=\"pgc-8001-1-1\"  class=\"panel-grid-cell panel-grid-cell-empty\" ><\/div><\/div><\/div><div id=\"pg-8001-2\"  class=\"panel-grid panel-has-style\" ><div class=\"padded panel-row-style panel-row-style-for-8001-2\" ><div id=\"pgc-8001-2-0\"  class=\"panel-grid-cell\" ><div id=\"panel-8001-2-0-0\" class=\"widget_text so-panel widget widget_custom_html panel-first-child\" data-index=\"2\" ><div class=\"textwidget custom-html-widget\"><a href=\"\/fachbuero\/kontakt\/\" class=\"btn\">Zum Kontaktformular<\/a><\/div><\/div><div id=\"panel-8001-2-0-1\" class=\"so-panel widget widget_sow-editor\" data-index=\"3\" ><div\n\t\t\t\n\t\t\tclass=\"so-widget-sow-editor so-widget-sow-editor-base\"\n\t\t\t\n\t\t>\n<div class=\"siteorigin-widget-tinymce textwidget\">\n\t<p>Sie interessieren sich f\u00fcr unsere Leistungen?<\/p>\n<h2>Nehmen Sie Kontakt auf.<\/h2>\n<\/div>\n<\/div><\/div><div id=\"panel-8001-2-0-2\" class=\"widget_text so-panel widget widget_custom_html\" data-index=\"4\" ><div class=\"textwidget custom-html-widget\"><p><b>Andreas Dittlmann<br>\n<\/b><b>Fachb\u00fcro f\u00fcr Bedarfsplanungen und Ausschreibungen<\/b><\/p>\n<p>Toblacher Stra\u00dfe 6<br>\n94036 Passau<\/p>\n<p><span class=\"lnr lnr-phone-handset\"><\/span> +49 851 20 95 91 34<\/p>\n<p><span class=\"lnr lnr-phone-handset\"><\/span> +49 171 67 48 212<\/p>\n<p><span class=\"lnr lnr-envelope\"><\/span> <a href=\"mailto:info@dittlmann.de\">info@dittlmann.de<\/a><\/p><\/div><\/div><div id=\"panel-8001-2-0-3\" class=\"widget_text so-panel widget widget_custom_html panel-last-child\" data-index=\"5\" ><div class=\"widget_text dots-row panel-widget-style panel-widget-style-for-8001-2-0-3\" ><div class=\"textwidget custom-html-widget\"><div class=\"dots\" id=\"dots2\">\n\t<svg width=\"244px\" height=\"245px\" viewBox=\"0 0 244 245\" version=\"1.1\" xmlns=\"http:\/\/www.w3.org\/2000\/svg\" xmlns:xlink=\"http:\/\/www.w3.org\/1999\/xlink\">\n    <g id=\"Webseite\" stroke=\"none\" stroke-width=\"1\" fill=\"none\" fill-rule=\"evenodd\">\n        <g id=\"Fachb\u00fcro\" transform=\"translate(-25.000000, -113.000000)\">\n            <g id=\"Group-15\" transform=\"translate(25.000000, 113.000000)\" fill=\"#f5f5f5\">\n                <circle id=\"Oval\" cx=\"2.5\" cy=\"242.5\" r=\"2.5\"><\/circle>\n                <circle id=\"Oval\" cx=\"2.5\" cy=\"222.5\" r=\"2.5\"><\/circle>\n                <circle id=\"Oval\" cx=\"2.5\" cy=\"202.5\" r=\"2.5\"><\/circle>\n                <circle id=\"Oval\" cx=\"2.5\" cy=\"182.5\" r=\"2.5\"><\/circle>\n                <circle id=\"Oval\" cx=\"2.5\" cy=\"162.5\" r=\"2.5\"><\/circle>\n                <circle id=\"Oval\" cx=\"2.5\" cy=\"142.5\" r=\"2.5\"><\/circle>\n                <circle id=\"Oval\" cx=\"2.5\" cy=\"122.5\" r=\"2.5\"><\/circle>\n                <circle id=\"Oval\" cx=\"2.5\" cy=\"102.5\" r=\"2.5\"><\/circle>\n                <circle id=\"Oval\" cx=\"2.5\" cy=\"82.5\" r=\"2.5\"><\/circle>\n                <circle id=\"Oval\" cx=\"2.5\" cy=\"62.5\" r=\"2.5\"><\/circle>\n                <circle id=\"Oval\" cx=\"2.5\" cy=\"42.5\" r=\"2.5\"><\/circle>\n                <circle id=\"Oval\" cx=\"2.5\" cy=\"22.5\" r=\"2.5\"><\/circle>\n                <circle id=\"Oval\" cx=\"2.5\" cy=\"2.5\" r=\"2.5\"><\/circle>\n                <circle id=\"Oval\" cx=\"22.5\" cy=\"242.5\" r=\"2.5\"><\/circle>\n                <circle id=\"Oval\" cx=\"22.5\" cy=\"222.5\" r=\"2.5\"><\/circle>\n                <circle id=\"Oval\" cx=\"22.5\" cy=\"202.5\" r=\"2.5\"><\/circle>\n                <circle id=\"Oval\" cx=\"22.5\" cy=\"182.5\" r=\"2.5\"><\/circle>\n                <circle id=\"Oval\" cx=\"22.5\" cy=\"162.5\" r=\"2.5\"><\/circle>\n                <circle id=\"Oval\" cx=\"22.5\" cy=\"142.5\" r=\"2.5\"><\/circle>\n                <circle id=\"Oval\" cx=\"22.5\" cy=\"122.5\" r=\"2.5\"><\/circle>\n                <circle id=\"Oval\" cx=\"22.5\" cy=\"102.5\" r=\"2.5\"><\/circle>\n                <circle id=\"Oval\" cx=\"22.5\" cy=\"82.5\" r=\"2.5\"><\/circle>\n                <circle id=\"Oval\" cx=\"22.5\" cy=\"62.5\" r=\"2.5\"><\/circle>\n                <circle id=\"Oval\" cx=\"22.5\" cy=\"42.5\" r=\"2.5\"><\/circle>\n                <circle id=\"Oval\" cx=\"22.5\" cy=\"22.5\" r=\"2.5\"><\/circle>\n                <circle id=\"Oval\" cx=\"42.5\" cy=\"242.5\" r=\"2.5\"><\/circle>\n                <circle id=\"Oval\" cx=\"42.5\" cy=\"222.5\" r=\"2.5\"><\/circle>\n                <circle id=\"Oval\" cx=\"42.5\" cy=\"202.5\" r=\"2.5\"><\/circle>\n                <circle id=\"Oval\" cx=\"42.5\" cy=\"182.5\" r=\"2.5\"><\/circle>\n                <circle id=\"Oval\" cx=\"42.5\" cy=\"162.5\" r=\"2.5\"><\/circle>\n                <circle id=\"Oval\" cx=\"42.5\" cy=\"142.5\" r=\"2.5\"><\/circle>\n                <circle id=\"Oval\" cx=\"42.5\" cy=\"122.5\" r=\"2.5\"><\/circle>\n                <circle id=\"Oval\" cx=\"42.5\" cy=\"102.5\" r=\"2.5\"><\/circle>\n                <circle id=\"Oval\" cx=\"42.5\" cy=\"82.5\" r=\"2.5\"><\/circle>\n                <circle id=\"Oval\" cx=\"42.5\" cy=\"62.5\" r=\"2.5\"><\/circle>\n                <circle id=\"Oval\" cx=\"42.5\" cy=\"42.5\" r=\"2.5\"><\/circle>\n                <circle id=\"Oval\" cx=\"62.5\" cy=\"242.5\" r=\"2.5\"><\/circle>\n                <circle id=\"Oval\" cx=\"62.5\" cy=\"222.5\" r=\"2.5\"><\/circle>\n                <circle id=\"Oval\" cx=\"62.5\" cy=\"202.5\" r=\"2.5\"><\/circle>\n                <circle id=\"Oval\" cx=\"62.5\" cy=\"182.5\" r=\"2.5\"><\/circle>\n                <circle id=\"Oval\" cx=\"62.5\" cy=\"162.5\" r=\"2.5\"><\/circle>\n                <circle id=\"Oval\" cx=\"62.5\" cy=\"142.5\" r=\"2.5\"><\/circle>\n                <circle id=\"Oval\" cx=\"62.5\" cy=\"122.5\" r=\"2.5\"><\/circle>\n                <circle id=\"Oval\" cx=\"62.5\" cy=\"102.5\" r=\"2.5\"><\/circle>\n                <circle id=\"Oval\" cx=\"62.5\" cy=\"82.5\" r=\"2.5\"><\/circle>\n                <circle id=\"Oval\" cx=\"62.5\" cy=\"62.5\" r=\"2.5\"><\/circle>\n                <circle id=\"Oval\" cx=\"82.5\" cy=\"242.5\" r=\"2.5\"><\/circle>\n                <circle id=\"Oval\" cx=\"82.5\" cy=\"222.5\" r=\"2.5\"><\/circle>\n                <circle id=\"Oval\" cx=\"82.5\" cy=\"202.5\" r=\"2.5\"><\/circle>\n                <circle id=\"Oval\" cx=\"82.5\" cy=\"182.5\" r=\"2.5\"><\/circle>\n                <circle id=\"Oval\" cx=\"82.5\" cy=\"162.5\" r=\"2.5\"><\/circle>\n                <circle id=\"Oval\" cx=\"82.5\" cy=\"142.5\" r=\"2.5\"><\/circle>\n                <circle id=\"Oval\" cx=\"82.5\" cy=\"122.5\" r=\"2.5\"><\/circle>\n                <circle id=\"Oval\" cx=\"82.5\" cy=\"102.5\" r=\"2.5\"><\/circle>\n                <circle id=\"Oval\" cx=\"82.5\" cy=\"82.5\" r=\"2.5\"><\/circle>\n                <circle id=\"Oval\" cx=\"102.5\" cy=\"242.5\" r=\"2.5\"><\/circle>\n                <circle id=\"Oval\" cx=\"102.5\" cy=\"222.5\" r=\"2.5\"><\/circle>\n                <circle id=\"Oval\" cx=\"102.5\" cy=\"202.5\" r=\"2.5\"><\/circle>\n                <circle id=\"Oval\" cx=\"102.5\" cy=\"182.5\" r=\"2.5\"><\/circle>\n                <circle id=\"Oval\" cx=\"102.5\" cy=\"162.5\" r=\"2.5\"><\/circle>\n                <circle id=\"Oval\" cx=\"102.5\" cy=\"142.5\" r=\"2.5\"><\/circle>\n                <circle id=\"Oval\" cx=\"102.5\" cy=\"122.5\" r=\"2.5\"><\/circle>\n                <circle id=\"Oval\" cx=\"102.5\" cy=\"102.5\" r=\"2.5\"><\/circle>\n                <circle id=\"Oval\" cx=\"122.5\" cy=\"242.5\" r=\"2.5\"><\/circle>\n                <circle id=\"Oval\" cx=\"122.5\" cy=\"222.5\" r=\"2.5\"><\/circle>\n                <circle id=\"Oval\" cx=\"122.5\" cy=\"202.5\" r=\"2.5\"><\/circle>\n                <circle id=\"Oval\" cx=\"122.5\" cy=\"182.5\" r=\"2.5\"><\/circle>\n                <circle id=\"Oval\" cx=\"122.5\" cy=\"162.5\" r=\"2.5\"><\/circle>\n                <circle id=\"Oval\" cx=\"122.5\" cy=\"142.5\" r=\"2.5\"><\/circle>\n                <circle id=\"Oval\" cx=\"122.5\" cy=\"122.5\" r=\"2.5\"><\/circle>\n                <circle id=\"Oval\" cx=\"142.5\" cy=\"242.5\" r=\"2.5\"><\/circle>\n                <circle id=\"Oval\" cx=\"142.5\" cy=\"222.5\" r=\"2.5\"><\/circle>\n                <circle id=\"Oval\" cx=\"142.5\" cy=\"202.5\" r=\"2.5\"><\/circle>\n                <circle id=\"Oval\" cx=\"142.5\" cy=\"182.5\" r=\"2.5\"><\/circle>\n                <circle id=\"Oval\" cx=\"142.5\" cy=\"162.5\" r=\"2.5\"><\/circle>\n                <circle id=\"Oval\" cx=\"142.5\" cy=\"142.5\" r=\"2.5\"><\/circle>\n                <circle id=\"Oval\" cx=\"161.5\" cy=\"242.5\" r=\"2.5\"><\/circle>\n                <circle id=\"Oval\" cx=\"161.5\" cy=\"222.5\" r=\"2.5\"><\/circle>\n                <circle id=\"Oval\" cx=\"161.5\" cy=\"202.5\" r=\"2.5\"><\/circle>\n                <circle id=\"Oval\" cx=\"161.5\" cy=\"182.5\" r=\"2.5\"><\/circle>\n                <circle id=\"Oval\" cx=\"161.5\" cy=\"162.5\" r=\"2.5\"><\/circle>\n                <circle id=\"Oval\" cx=\"181.5\" cy=\"242.5\" r=\"2.5\"><\/circle>\n                <circle id=\"Oval\" cx=\"181.5\" cy=\"222.5\" r=\"2.5\"><\/circle>\n                <circle id=\"Oval\" cx=\"181.5\" cy=\"202.5\" r=\"2.5\"><\/circle>\n                <circle id=\"Oval\" cx=\"181.5\" cy=\"182.5\" r=\"2.5\"><\/circle>\n                <circle id=\"Oval\" cx=\"201.5\" cy=\"242.5\" r=\"2.5\"><\/circle>\n                <circle id=\"Oval\" cx=\"201.5\" cy=\"222.5\" r=\"2.5\"><\/circle>\n                <circle id=\"Oval\" cx=\"201.5\" cy=\"202.5\" r=\"2.5\"><\/circle>\n                <circle id=\"Oval\" cx=\"221.5\" cy=\"242.5\" r=\"2.5\"><\/circle>\n                <circle id=\"Oval\" cx=\"221.5\" cy=\"222.5\" r=\"2.5\"><\/circle>\n                <circle id=\"Oval\" cx=\"241.5\" cy=\"242.5\" r=\"2.5\"><\/circle>\n            <\/g>\n        <\/g>\n    <\/g>\n<\/svg>\n<\/div>\t<\/div><\/div><\/div><\/div><div id=\"pgc-8001-2-1\"  class=\"panel-grid-cell\" ><div id=\"panel-8001-2-1-0\" class=\"so-panel widget widget_sow-image panel-first-child panel-last-child\" data-index=\"6\" ><div\n\t\t\t\n\t\t\tclass=\"so-widget-sow-image so-widget-sow-image-default-8b5b6f678277-8001\"\n\t\t\t\n\t\t>\n<div class=\"sow-image-container\">\n\t\t<img \n\tsrc=\"https:\/\/www.dittlmann.de\/fachbuero\/wp-content\/uploads\/sites\/3\/2020\/05\/autos.jpg\" width=\"800\" height=\"533\" srcset=\"https:\/\/www.dittlmann.de\/fachbuero\/wp-content\/uploads\/sites\/3\/2020\/05\/autos.jpg 800w, https:\/\/www.dittlmann.de\/fachbuero\/wp-content\/uploads\/sites\/3\/2020\/05\/autos-300x200.jpg 300w, https:\/\/www.dittlmann.de\/fachbuero\/wp-content\/uploads\/sites\/3\/2020\/05\/autos-768x512.jpg 768w\" sizes=\"(max-width: 800px) 100vw, 800px\" alt=\"\" \t\tclass=\"so-widget-image\"\/>\n\t<\/div>\n\n<\/div><\/div><\/div><\/div><\/div><\/div>","protected":false},"excerpt":{"rendered":"<p>Downloads zu aktuellen Ausschreibungen Hier finden Sie Unterlagen zu folgenden Ausschreibungen: Hinweis: Es \u00f6ffnet sich ein neues Fenster mit der Plattform Aumass. Ausschreibungsunterlagen finden Sie auf dieser Plattform<\/p>\n","protected":false},"author":1,"featured_media":0,"parent":0,"menu_order":0,"comment_status":"closed","ping_status":"closed","template":"page-downloads.php","meta":{"footnotes":""},"class_list":["post-8001","page","type-page","status-publish","hentry"],"yoast_head":"<!-- This site is optimized with the Yoast SEO plugin v26.7 - https:\/\/yoast.com\/wordpress\/plugins\/seo\/ -->\n<title>Downloads - Dittlmann Fachb\u00fcro<\/title>\n<meta name=\"robots\" content=\"index, follow, max-snippet:-1, max-image-preview:large, max-video-preview:-1\" \/>\n<link rel=\"canonical\" href=\"https:\/\/www.dittlmann.de\/fachbuero\/downloads\/\" \/>\n<meta property=\"og:locale\" content=\"de_DE\" \/>\n<meta property=\"og:type\" content=\"article\" \/>\n<meta property=\"og:title\" content=\"Downloads - Dittlmann Fachb\u00fcro\" \/>\n<meta property=\"og:description\" content=\"Downloads zu aktuellen Ausschreibungen Hier finden Sie Unterlagen zu folgenden Ausschreibungen: Hinweis: Es \u00f6ffnet sich ein neues Fenster mit der Plattform Aumass. Ausschreibungsunterlagen finden Sie auf dieser Plattform\" \/>\n<meta property=\"og:url\" content=\"https:\/\/www.dittlmann.de\/fachbuero\/downloads\/\" \/>\n<meta property=\"og:site_name\" content=\"Dittlmann Fachb\u00fcro\" \/>\n<meta property=\"article:modified_time\" content=\"2026-04-27T12:11:27+00:00\" \/>\n<meta name=\"twitter:card\" content=\"summary_large_image\" \/>\n<meta name=\"twitter:label1\" content=\"Gesch\u00e4tzte Lesezeit\" \/>\n\t<meta name=\"twitter:data1\" content=\"1\u00a0Minute\" \/>\n<script type=\"application\/ld+json\" class=\"yoast-schema-graph\">{\"@context\":\"https:\/\/schema.org\",\"@graph\":[{\"@type\":\"WebPage\",\"@id\":\"https:\/\/www.dittlmann.de\/fachbuero\/downloads\/\",\"url\":\"https:\/\/www.dittlmann.de\/fachbuero\/downloads\/\",\"name\":\"Downloads - Dittlmann Fachb\u00fcro\",\"isPartOf\":{\"@id\":\"https:\/\/www.dittlmann.de\/fachbuero\/#website\"},\"datePublished\":\"2025-03-14T10:08:50+00:00\",\"dateModified\":\"2026-04-27T12:11:27+00:00\",\"breadcrumb\":{\"@id\":\"https:\/\/www.dittlmann.de\/fachbuero\/downloads\/#breadcrumb\"},\"inLanguage\":\"de\",\"potentialAction\":[{\"@type\":\"ReadAction\",\"target\":[\"https:\/\/www.dittlmann.de\/fachbuero\/downloads\/\"]}]},{\"@type\":\"BreadcrumbList\",\"@id\":\"https:\/\/www.dittlmann.de\/fachbuero\/downloads\/#breadcrumb\",\"itemListElement\":[{\"@type\":\"ListItem\",\"position\":1,\"name\":\"Startseite\",\"item\":\"https:\/\/www.dittlmann.de\/fachbuero\/\"},{\"@type\":\"ListItem\",\"position\":2,\"name\":\"Downloads\"}]},{\"@type\":\"WebSite\",\"@id\":\"https:\/\/www.dittlmann.de\/fachbuero\/#website\",\"url\":\"https:\/\/www.dittlmann.de\/fachbuero\/\",\"name\":\"Andreas Dittlmann - Fachb\u00fcro f\u00fcr Bedarfsplanungen im Feuerwehrwesen\",\"description\":\"\",\"publisher\":{\"@id\":\"https:\/\/www.dittlmann.de\/fachbuero\/#organization\"},\"potentialAction\":[{\"@type\":\"SearchAction\",\"target\":{\"@type\":\"EntryPoint\",\"urlTemplate\":\"https:\/\/www.dittlmann.de\/fachbuero\/?s={search_term_string}\"},\"query-input\":{\"@type\":\"PropertyValueSpecification\",\"valueRequired\":true,\"valueName\":\"search_term_string\"}}],\"inLanguage\":\"de\"},{\"@type\":\"Organization\",\"@id\":\"https:\/\/www.dittlmann.de\/fachbuero\/#organization\",\"name\":\"Andreas Dittlmann - Fachb\u00fcro f\u00fcr Bedarfsplanungen im Feuerwehrwesen\",\"url\":\"https:\/\/www.dittlmann.de\/fachbuero\/\",\"logo\":{\"@type\":\"ImageObject\",\"inLanguage\":\"de\",\"@id\":\"https:\/\/www.dittlmann.de\/fachbuero\/#\/schema\/logo\/image\/\",\"url\":\"https:\/\/www.dittlmann.de\/fachbuero\/wp-content\/uploads\/sites\/3\/2020\/05\/dittlmann_logo.jpg\",\"contentUrl\":\"https:\/\/www.dittlmann.de\/fachbuero\/wp-content\/uploads\/sites\/3\/2020\/05\/dittlmann_logo.jpg\",\"width\":260,\"height\":56,\"caption\":\"Andreas Dittlmann - Fachb\u00fcro f\u00fcr Bedarfsplanungen im Feuerwehrwesen\"},\"image\":{\"@id\":\"https:\/\/www.dittlmann.de\/fachbuero\/#\/schema\/logo\/image\/\"}}]}<\/script>\n<!-- \/ Yoast SEO plugin. -->","yoast_head_json":{"title":"Downloads - Dittlmann Fachb\u00fcro","robots":{"index":"index","follow":"follow","max-snippet":"max-snippet:-1","max-image-preview":"max-image-preview:large","max-video-preview":"max-video-preview:-1"},"canonical":"https:\/\/www.dittlmann.de\/fachbuero\/downloads\/","og_locale":"de_DE","og_type":"article","og_title":"Downloads - Dittlmann Fachb\u00fcro","og_description":"Downloads zu aktuellen Ausschreibungen Hier finden Sie Unterlagen zu folgenden Ausschreibungen: Hinweis: Es \u00f6ffnet sich ein neues Fenster mit der Plattform Aumass. Ausschreibungsunterlagen finden Sie auf dieser Plattform","og_url":"https:\/\/www.dittlmann.de\/fachbuero\/downloads\/","og_site_name":"Dittlmann Fachb\u00fcro","article_modified_time":"2026-04-27T12:11:27+00:00","twitter_card":"summary_large_image","twitter_misc":{"Gesch\u00e4tzte Lesezeit":"1\u00a0Minute"},"schema":{"@context":"https:\/\/schema.org","@graph":[{"@type":"WebPage","@id":"https:\/\/www.dittlmann.de\/fachbuero\/downloads\/","url":"https:\/\/www.dittlmann.de\/fachbuero\/downloads\/","name":"Downloads - Dittlmann Fachb\u00fcro","isPartOf":{"@id":"https:\/\/www.dittlmann.de\/fachbuero\/#website"},"datePublished":"2025-03-14T10:08:50+00:00","dateModified":"2026-04-27T12:11:27+00:00","breadcrumb":{"@id":"https:\/\/www.dittlmann.de\/fachbuero\/downloads\/#breadcrumb"},"inLanguage":"de","potentialAction":[{"@type":"ReadAction","target":["https:\/\/www.dittlmann.de\/fachbuero\/downloads\/"]}]},{"@type":"BreadcrumbList","@id":"https:\/\/www.dittlmann.de\/fachbuero\/downloads\/#breadcrumb","itemListElement":[{"@type":"ListItem","position":1,"name":"Startseite","item":"https:\/\/www.dittlmann.de\/fachbuero\/"},{"@type":"ListItem","position":2,"name":"Downloads"}]},{"@type":"WebSite","@id":"https:\/\/www.dittlmann.de\/fachbuero\/#website","url":"https:\/\/www.dittlmann.de\/fachbuero\/","name":"Andreas Dittlmann - Fachb\u00fcro f\u00fcr Bedarfsplanungen im Feuerwehrwesen","description":"","publisher":{"@id":"https:\/\/www.dittlmann.de\/fachbuero\/#organization"},"potentialAction":[{"@type":"SearchAction","target":{"@type":"EntryPoint","urlTemplate":"https:\/\/www.dittlmann.de\/fachbuero\/?s={search_term_string}"},"query-input":{"@type":"PropertyValueSpecification","valueRequired":true,"valueName":"search_term_string"}}],"inLanguage":"de"},{"@type":"Organization","@id":"https:\/\/www.dittlmann.de\/fachbuero\/#organization","name":"Andreas Dittlmann - Fachb\u00fcro f\u00fcr Bedarfsplanungen im Feuerwehrwesen","url":"https:\/\/www.dittlmann.de\/fachbuero\/","logo":{"@type":"ImageObject","inLanguage":"de","@id":"https:\/\/www.dittlmann.de\/fachbuero\/#\/schema\/logo\/image\/","url":"https:\/\/www.dittlmann.de\/fachbuero\/wp-content\/uploads\/sites\/3\/2020\/05\/dittlmann_logo.jpg","contentUrl":"https:\/\/www.dittlmann.de\/fachbuero\/wp-content\/uploads\/sites\/3\/2020\/05\/dittlmann_logo.jpg","width":260,"height":56,"caption":"Andreas Dittlmann - Fachb\u00fcro f\u00fcr Bedarfsplanungen im Feuerwehrwesen"},"image":{"@id":"https:\/\/www.dittlmann.de\/fachbuero\/#\/schema\/logo\/image\/"}}]}},"_links":{"self":[{"href":"https:\/\/www.dittlmann.de\/fachbuero\/wp-json\/wp\/v2\/pages\/8001","targetHints":{"allow":["GET"]}}],"collection":[{"href":"https:\/\/www.dittlmann.de\/fachbuero\/wp-json\/wp\/v2\/pages"}],"about":[{"href":"https:\/\/www.dittlmann.de\/fachbuero\/wp-json\/wp\/v2\/types\/page"}],"author":[{"embeddable":true,"href":"https:\/\/www.dittlmann.de\/fachbuero\/wp-json\/wp\/v2\/users\/1"}],"replies":[{"embeddable":true,"href":"https:\/\/www.dittlmann.de\/fachbuero\/wp-json\/wp\/v2\/comments?post=8001"}],"version-history":[{"count":540,"href":"https:\/\/www.dittlmann.de\/fachbuero\/wp-json\/wp\/v2\/pages\/8001\/revisions"}],"predecessor-version":[{"id":8962,"href":"https:\/\/www.dittlmann.de\/fachbuero\/wp-json\/wp\/v2\/pages\/8001\/revisions\/8962"}],"wp:attachment":[{"href":"https:\/\/www.dittlmann.de\/fachbuero\/wp-json\/wp\/v2\/media?parent=8001"}],"curies":[{"name":"wp","href":"https:\/\/api.w.org\/{rel}","templated":true}]}}